77b - 4?
-702781
In base 5, what is -2 + 240021441?
240021434
In base 3, what is 100 + 20212000220022?
20212000220122
In base 4, what is -132221 + -2132?
-201013
In base 12, what is -955a3b9 - -4?
-955a3b5
In base 3, what is 10 + 122221002101000?
122221002101010
In base 8, what is 2061310 - 24?
2061264
In base 7, what is 441 + -1230662?
-1230221
In base 8, what is -621 + 26356?
25535
In base 14, what is a216 - -6d50?
13166
In base 11, what is 77 + -a57556?
-a5748a
In base 7, what is -4 - -211232212?
211232205
In base 10, what is -755236 - -22?
-755214
In base 6, what is 30143204413 + -1?
30143204412
In base 7, what is 1501231 + -15?
1501213
In base 10, what is -397 + 39092?
38695
In base 3, what is -122212002 + 2202221?
-120002011
In base 7, what is -46 + 1043522215?
1043522136
In base 12, what is 2701 - -386?
2a87
In base 5, what is 23422 + 130110?
204032
In base 13, what is -2 + 20024c8?
20024c6
In base 12, what is -2810 + 1270a?
baba
In base 6, what is -31 + -3242411?
-3242442
In base 2, what is -100111001 - -11010010011001?
11001101100000
In base 5, what is -11 - 1141322411?
-1141322422
In base 8, what is 1424517 - 7?
1424510
In base 15, what is c - -1c4738?
1c4745
In base 14, what is -31b1c - -19?
-31b03
In base 9, what is 4510262 + -28?
4510233
In base 9, what is 0 + -7582345?
-7582345
In base 16, what is -19c + 1717?
157b
In base 15, what is c3 - 2710?
-263c
In base 2, what is -1101 + 10100110110001001?
10100110101111100
In base 12, what is 0 + -8928912?
-8928912
In base 6, what is 4135044 + 2202?
4141250
In base 2, what is -10110000101111000100 - 111001?
-10110000101111111101
In base 4, what is -10120200123113 + 2?
-10120200123111
In base 2, what is 1111111101011 + 10101100101100?
100101100010111
In base 6, what is 23 - -53453045?
53453112
In base 5, what is -2031233443 + 30?
-2031233413
In base 7, what is -5 - 2510636?
-2510644
In base 16, what is -a9ff48 - 8?
-a9ff50
In base 6, what is -1432500 + 31105?
-1401351
In base 4, what is 2 + 1001313022101?
1001313022103
In base 11, what is 2 - -7481580?
7481582
In base 10, what is -2838 - -155080?
152242
In base 10, what is -5 + -37982266?
-37982271
In base 3, what is 11100000211020 + 10?
11100000211100
In base 3, what is 111 - 1102000120102?
-1102000112221
In base 3, what is 112020211 + 2221010?
122011221
In base 7, what is -114321245 + 35?
-114321210
In base 2, what is -1 + -10001110000001010101110?
-10001110000001010101111
In base 12, what is 38a2 - -3940?
7622
In base 16, what is ab - 146a?
-13bf
In base 4, what is -313 - -11323302233?
11323301320
In base 14, what is 4abd7 + 391?
4b188
In base 3, what is -2201021220 + -201101?
-2202000021
In base 11, what is -16a99 + 83?
-16a16
In base 9, what is -4540864 - 7?
-4540872
In base 15, what is 10a6aa5 - 4?
10a6aa1
In base 10, what is 752 - 10445?
-9693
In base 3, what is -1 + -2121210100122002?
-2121210100122010
In base 10, what is -55108934 - -2?
-55108932
In base 11, what is 263 - 220383?
-220120
In base 6, what is 152520 + -14544?
133532
In base 5, what is -400 + -1413223020?
-1413223420
In base 2, what is 101100 - 100010110001011111110?
-100010110001011010010
In base 2, what is -10000100001010111 + 110001101?
-10000011011001010
In base 8, what is -152657005 + 2?
-152657003
In base 8, what is 7116526 + 25?
7116553
In base 6, what is 21 - 4510551?
-4510530
In base 7, what is 124 + 2565255?
2565412
In base 4, what is 233202020 + 121?
233202201
In base 3, what is -1000211210 + 2200120?
-221011020
In base 5, what is 1 - -314122004?
314122010
In base 2, what is -101110001 + -1011110010110011000?
-1011110011100001001
In base 15, what is c644e8 + 7?
c64500
In base 14, what is -9883c + -99?
-988d7
In base 11, what is 834770 + 77?
834837
In base 15, what is -2edb8 + -5?
-2edbd
In base 8, what is 1354135 - -2262?
1356417
In base 9, what is 25056476 - 1?
25056475
In base 3, what is 12220000202020111100 + -1?
12220000202020111022
In base 14, what is -2 - -15b8283?
15b8281
In base 6, what is 10 - -3101104534?
3101104544
In base 6, what is -4 - 2253232104?
-2253232112
In base 3, what is -10102110202100010 - 11?
-10102110202100021
In base 9, what is -4243670 + -181?
-4243861
In base 15, what is -2d3a7 + -824?
-2dbcb
In base 3, what is 12020100 + 22100012?
111120112
In base 5, what is 1110240 + -202?
1110033
In base 2, what is -11001000000001110000010 + 1?
-11001000000001110000001
In base 3, what is 211212 + 2120200?
10102112
In base 15, what is -1 - -32e2446?
32e2445
In base 5, what is 411011 - 411440?
-424
In base 8, what is 416 + -2773014?
-2772376
In base 15, what is -105aaa6 + -2?
-105aaa8
In base 12, what is -1011899 - -3?
-1011896
In base 2, what is -110101010101101010101 + 10100?
-110101010101101000001
In base 14, what is 1 + 191ac20?
191ac21
In base 4, what is -221221130232 - 31?
-221221130323
In base 13, what is c98 - -114?
10ac
In base 11, what is 224 + 9003?
9227
In base 8, what is -1707 - -11473?
7564
In base 15, what is 570e - -14?
5723
In base 12, what is -119b17 + -a9?
-11a004
In base 13, what is 4 - -1866639?
1866640
In base 4, what is -302333 + 1310023?
1001030
In base 5, what is -2010244 + 20404?
-1434340
In base 11, what is 196898344 - -1?
196898345
In base 11, what is -3 - -11051558?
11051555
In base 3, what is 2 - 10101202202211112?
-10101202202211110
In base 7, what is 565420453 - -2?
565420455
In base 4, what is 10 - 1000321031030?
-1000321031020
In base 2, what is -11001011000110011010011110100 - -10?
-11001011000110011010011110010
In base 12, what is -11 + -b3682?
-b3693
In base 3, what is 2210220120002 - -122?
2210220120201
In base 9, what is -2 - -1708044?
1708042
In base 10, what is 5022 + -53321?
-48299
In base 15, what is 21 - -b82?
ba3
In base 8, what is 15765446 + 7?
15765455
In base 5, what is 2400302131221 - -3?
2400302131224
In base 15, what is -d4a - -2448?
15ed
In base 8, what is 32301516600 - 5?
32301516573
In base 16, what is -7 - 216d7ca?
-216d7d1
In base 10, what is 1009394 + 106?
1009500
In base 15, what is -c38a13aa + -1?
-c38a13ab
In base 3, what is -111001110 + -211010?
-111212120
In base 7, what is -3 - -32126212?
32126206
In base 2, what is 100000 + 1010100011010100011110?
1010100011010100111110
In base 14, what is -2083b + a?
-20831
In base 3, what is -12011012110 + 22?
-12011012011
In base 15, what is c1 - 21d6?
-2115
In base 5, what is -211341 - 101231?
-313122
In base 12, what is 3 + -6677b45?
-6677b42
In base 16, what is 2e0 - -18a6?
1b86
In base 12, what is 58244 + -32?
58212
In base 3, what is 221111 + -110122112?
-102201001
In base 12, what is 4 + b35aa3?
b35aa7
In base 16, what is -8a1fea - 1?
-8a1feb
In base 6, what is -42 + -313314304?
-313314350
In base 7, what is 3503113 - 64?
3503016
In base 6, what is 5 - 202531055?
-202531050
In base 5, what is 24232 + 12011134?
12040421
In base 4, what is 1233102112103 + -2?
1233102112101
In base 4, what is -112 - 233000121233?
-233000122011
In base 14, what is 5d - -3763d?
3769c
In base 7, what is 15666 - -1030551?
1046550
In base 10, what is -88677647 - 5?
-88677652
In base 13, what is 49 - -51619?
51665
In base 9, what is 231 + -113027?
-112686
In base 10, what is 7 + 32650488?
32650495
In base 13, what is -1a35410 - 3?
-1a35413
In base 7, what is 1240120 + -253?
1236534
In base 3, what is -1102 - -22121121210002?
22121121201200
In base 6, what is -11322 - 41012?
-52334
In base 2, what is -100 + -101010100001101110010101?
-101010100001101110011001
In base 9, what is -18881 + -13513?
-33504
In base 12, what is -649 + -4479b?
-45228
In base 2, what is 1001110011110100 + -10000?
1001110011100100
In base 9, what is -2323886671 + 0?
-2323886671
In base 3, what is -12122120220 + 1122112?
-12120221101
In base 9, what is -23800641 - 76?
-23800727
In base 13, what is 3897 + 1c02?
5799
In base 13, what is -125c0778 + 3?
-125c0775
In base 6, what is 5 - -335454020?
335454025
In base 8, what is 10672173 + 6?
10672201
In base 14, what is 5 - -159908?
15990d
In base 13, what is 2 - 2063bc6?
-2063bc4
In base 11, what is -43948 + -97?
-43a34
In base 16, what is 14edcd6 - -7?
14edcdd
In base 4, what is 102010231311 - -2?
102010231313
In base 6, what is 104 - -23502330?
23502434
In base 16, what is -f - -4d9e5?
4d9d6
In base 4, what is -1021322031 + 200122?
-10211213